20143?
1
What is the tens digit of 83?
8
What is the ten thousands digit of 19020?
1
What is the units digit of 228?
8
What is the hundreds digit of 3270?
2
What is the units digit of 40705?
5
What is the ten thousands digit of 16852?
1
What is the hundreds digit of 330?
3
What is the units digit of 500?
0
What is the thousands digit of 1616?
1
What is the ten thousands digit of 94421?
9
What is the hundreds digit of 223?
2
What is the units digit of 18243?
3
What is the hundreds digit of 27432?
4
What is the tens digit of 651?
5
What is the hundreds digit of 73674?
6
What is the units digit of 4514?
4
What is the hundreds digit of 509?
5
What is the thousands digit of 1974?
1
What is the thousands digit of 61197?
1
What is the thousands digit of 11004?
1
What is the ten thousands digit of 53722?
5
What is the hundreds digit of 5535?
5
What is the units digit of 8246?
6
What is the thousands digit of 1720?
1
What is the tens digit of 433?
3
What is the ten thousands digit of 66042?
6
What is the tens digit of 886?
8
What is the units digit of 7138?
8
What is the hundreds digit of 1921?
9
What is the tens digit of 476?
7
What is the tens digit of 17426?
2
What is the hundreds digit of 2516?
5
What is the hundreds digit of 288?
2
What is the hundreds digit of 8725?
7
What is the thousands digit of 5959?
5
What is the tens digit of 137?
3
What is the units digit of 1528?
8
What is the tens digit of 1147?
4
What is the hundreds digit of 403?
4
What is the units digit of 62?
2
What is the tens digit of 188816?
1
What is the tens digit of 4200?
0
What is the tens digit of 672?
7
What is the hundreds digit of 370?
3
What is the hundreds digit of 643?
6
What is the thousands digit of 3210?
3
What is the hundreds digit of 6053?
0
What is the tens digit of 700?
0
What is the tens digit of 82908?
0
What is the hundreds digit of 50220?
2
What is the tens digit of 999?
9
What is the thousands digit of 2483?
2
What is the units digit of 4461?
1
What is the tens digit of 4697?
9
What is the hundreds digit of 29028?
0
What is the thousands digit of 48111?
8
What is the tens digit of 2485?
8
What is the hundreds digit of 785?
7
What is the units digit of 1546?
6
What is the tens digit of 74479?
7
What is the thousands digit of 5377?
5
What is the units digit of 81265?
5
What is the hundreds digit of 329?
3
What is the tens digit of 7519?
1
What is the units digit of 12355?
5
What is the units digit of 3216?
6
What is the ten thousands digit of 47098?
4
What is the ten thousands digit of 13434?
1
What is the tens digit of 405?
0
What is the hundreds digit of 2033?
0
What is the hundreds digit of 27672?
6
What is the thousands digit of 18877?
8
What is the tens digit of 937?
3
What is the ten thousands digit of 12641?
1
What is the tens digit of 337?
3
What is the hundreds digit of 856?
8
What is the tens digit of 56349?
4
What is the tens digit of 486?
8
What is the hundreds digit of 1610?
6
What is the thousands digit of 14300?
4
What is the hundreds digit of 32498?
4
What is the ten thousands digit of 26970?
2
What is the ten thousands digit of 52568?
5
What is the ten thousands digit of 34312?
3
What is the tens digit of 125?
2
What is the hundred thousands digit of 141603?
1
What is the tens digit of 1951?
5
What is the thousands digit of 26269?
6
What is the hundreds digit of 717?
7
What is the units digit of 125069?
9
What is the units digit of 1329?
9
What is the hundreds digit of 3004?
0
What is the thousands digit of 3233?
3
What is the ten thousands digit of 43666?
4
What is the tens digit of 13446?
4
What is the thousands digit of 11308?
1
What is the tens digit of 66376?
7
What is the hundreds digit of 38255?
2
What is the thousands digit of 3761?
3
What is the hundreds digit of 1230?
2
What is the tens digit of 610?
1
What is the tens digit of 1108?
0
What is the ten thousands digit of 49567?
4
What is the tens digit of 7711?
1
What is the ten thousands digit of 33773?
3
What is the hundreds digit of 281?
2
What is the hundreds digit of 3042?
0
What is the thousands digit of 44759?
4
What is the tens digit of 11725?
2
What is the hundreds digit of 1958?
9
What is the thousands digit of 1377?
1
What is the hundreds digit of 5224?
2
What is the tens digit of 5273?
7
What is the tens digit of 25093?
9
What is the units digit of 1295?
5
What is the tens digit of 23622?
2
What is the thousands digit of 12130?
2
What is the hundreds digit of 886?
8
What is the units digit of 61?
1
What is the thousands digit of 165109?
5
What is the thousands digit of 13254?
3
What is the ten thousands digit of 12528?
1
What is the hundreds digit of 1333?
3
What is the units digit of 4233?
3
What is the hundreds digit of 1683?
6
What is the tens digit of 83236?
3
What is the thousands digit of 1806?
1
What is the hundreds digit of 24780?
7
What is the units digit of 2750?
0
What is the units digit of 7983?
3
What is the ten thousands digit of 10485?
1
What is the units digit of 82678?
8
What is the hundreds digit of 13754?
7
What is the thousands digit of 2177?
2
What is the tens digit of 2244?
4
What is the units digit of 204?
4
What is the units digit of 16240?
0
What is the hundreds digit of 2223?
2
What is the tens digit of 18872?
7
What is the tens digit of 23?
2
What is the hundreds digit of 20777?
7
What is the hundreds digit of 1551?
5
What is the units digit of 97817?
7
What is the tens digit of 47?
4
What is the units digit of 6031?
1
What is the units digit of 21876?
6
What is the tens digit of 5740?
4
What is the units digit of 507?
7
What is the thousands digit of 3111?
3
What is the units digit of 36005?
5
What is the tens digit of 4731?
3
What is the hundreds digit of 36289?
2
What is the units digit of 459?
9
What is the hundreds digit of 3627?
6
What is the thousands digit of 3271?
3
What is the thousands digit of 7898?
7
What is the hundred thousands digit of 142003?
1
What is the units digit of 5502?
2
What is the units digit of 18295?
5
What is the tens digit of 50521?
2
What is the hundreds digit of 5575?
5
What is the units digit of 3153?
3
What is the hundreds digit of 40635?
6
What is the hundreds digit of 3430?
4
What is the units digit of 374?
4
What is the hundreds digit of 74215?
2
What is the tens digit of 7851?
5
What is the hundreds digit of 2408?
4
What is the thousands digit of 19074?
9
What is the hundreds digit of 109851?
8
What is the hundreds digit of 616?
6
What is the hundreds digit of 2746?
7
What is the thousands digit of 2027?
2
What is the ten thousands digit of 23677?
2
What is the hundreds digit of 29184?
1
What is the units digit of 1210?
0
What is the units digit of 1205?
5
What is the units digit of 234?
4
What is the units digit of 19?
9
What is the ten thousands digit of 26003?
2
What is the tens digit of 8138?
3
What is the tens digit of 17021?
2
What is the units digit of 1440?
0
What is the hundreds digit of 1725?
7
What is the hundreds digit of 30456?
4
What is the ten thousands digit of 22294?
2
What is the hundreds digit of 6162?
1
What is the units digit of 5829?
9
What is the units digit of 22658?
8
What is the thousands digit of 104522?
4
What is the hundreds digit of 7728?
7
What is the units digit of 464?
4
What is the units digit of 501?
1
What is the thousands digit of 7948?
7
What is the tens digit of 4611?
1
What is the thousands digit of 75928?
5
What is the ten thousands digit of 27361?
2
What is the units digit of 8455?
5
What is the thousands digit of 41207?
1
What is the hundreds digit of 1701?
7
What is the thousands digit of 17489?
7
What is the tens digit of 34220?
2
What is the units digit of 4223?
3
What is the units digit of 4580?
0
What is the thousands digit of 2206?
2
What is the units digit of 15191?
1
What is the thousands digit of 6172?
6
What is the units digit of 4018?
8
What is the units digit of 320?
0
What is the units digit of 44?
4
What is the tens digit of 77586?
8
What is the thousands digit of 11714?
1
What is the ten thousands digit of 23411?
2
What is the tens digit of 272?
7
What is the units digit of 180?
0
What is the hundreds digit of 4588?
5
What is the hundreds digit of 2249?
2
What is the thousands digit of 3597?
3
What is the tens digit of 4399?
9
What is the thousa